{"id":206,"date":"2024-05-10T16:38:28","date_gmt":"2024-05-10T20:38:28","guid":{"rendered":"https:\/\/pinewood.swlauriersb.qc.ca\/governance\/"},"modified":"2025-12-10T09:02:11","modified_gmt":"2025-12-10T14:02:11","slug":"gouvernance","status":"publish","type":"page","link":"https:\/\/pinewood.swlauriersb.qc.ca\/fr\/gouvernance\/","title":{"rendered":"Gouvernance"},"content":{"rendered":"\n<p class=\"has-text-align-center has-medium-font-size\"><strong>Gouverning Board &#8211; Conseil d\u2019\u00e9tablissement 2025-2026<\/strong><\/p>\n\n\n\n<p>Justin Sanchez (2025) pr\u00e9sident<br>Steven Antonacci (2024) vice-pr\u00e9sident<br>Alexandra Grebenuk Roy (2024) d\u00e9l\u00e9gu\u00e9(e) CPC + secr\u00e9taire<br>Judith Beaupr\u00e9 (2025) d\u00e9l\u00e9gu\u00e9(e) CPC et alternate substitut(e)<br>M\u00e9lissa-Anne Dugas (2025)<br>Sofia Di Guglielmo (2025)<br>Marie-Jos\u00e9e Boutou<br>Cynthia Desmarais<br>Samantha Di Lullo<br>Nicolas Landry-Tolszczuk<br>Silvana Sivo &#8211; repr\u00e9sentant(e) du personnel de soutien<br>Mary Karananoukian &#8211; repr\u00e9sentant(e) du service de garde<br>Pierre Moussette &#8211; Teacher enseignant(e) ressource<br>Arrianne Pepin &#8211; enseignant(e), cycle 2<br>Cynthia Conte &#8211; enseignant(e), cycle 3<br>Angie Ladas &#8211; enseignant(e), cycle 2<br>Andr\u00e9 Gionet &#8211; directeur<br>Esther Lecuno &#8211; directeur(trice) adjoint(e)<br>Veronica Racz (ECOL) &#8211; repr\u00e9sentant(e) communautaire<\/p>\n","protected":false},"excerpt":{"rendered":"<p>Gouverning Board &#8211; Conseil d\u2019\u00e9tablissement 2025-2026 Justin Sanchez (2025) pr\u00e9sidentSteven Antonacci (2024) vice-pr\u00e9sidentAlexandra Grebenuk Roy (2024) d\u00e9l\u00e9gu\u00e9(e) CPC + secr\u00e9taireJudith Beaupr\u00e9 (2025) d\u00e9l\u00e9gu\u00e9(e) CPC et alternate substitut(e)M\u00e9lissa-Anne Dugas (2025)Sofia Di Guglielmo (2025)Marie-Jos\u00e9e BoutouCynthia DesmaraisSamantha Di LulloNicolas Landry-TolszczukSilvana Sivo &#8211; repr\u00e9sentant(e) du personnel de soutienMary Karananoukian &#8211; repr\u00e9sentant(e) du service de gardePierre Moussette &#8211; Teacher enseignant(e)&hellip;<\/p>\n","protected":false},"author":1,"featured_media":0,"parent":0,"menu_order":0,"comment_status":"closed","ping_status":"closed","template":"","meta":{"_acf_changed":false,"_relevanssi_hide_post":"","_relevanssi_hide_content":"","_relevanssi_pin_for_all":"","_relevanssi_pin_keywords":"","_relevanssi_unpin_keywords":"","_relevanssi_related_keywords":"","_relevanssi_related_include_ids":"","_relevanssi_related_exclude_ids":"","_relevanssi_related_no_append":"","_relevanssi_related_not_related":"","_relevanssi_related_posts":"","_relevanssi_noindex_reason":"","footnotes":""},"acf":[],"_links":{"self":[{"href":"https:\/\/pinewood.swlauriersb.qc.ca\/fr\/wp-json\/wp\/v2\/pages\/206"}],"collection":[{"href":"https:\/\/pinewood.swlauriersb.qc.ca\/fr\/wp-json\/wp\/v2\/pages"}],"about":[{"href":"https:\/\/pinewood.swlauriersb.qc.ca\/fr\/wp-json\/wp\/v2\/types\/page"}],"author":[{"embeddable":true,"href":"https:\/\/pinewood.swlauriersb.qc.ca\/fr\/wp-json\/wp\/v2\/users\/1"}],"replies":[{"embeddable":true,"href":"https:\/\/pinewood.swlauriersb.qc.ca\/fr\/wp-json\/wp\/v2\/comments?post=206"}],"version-history":[{"count":3,"href":"https:\/\/pinewood.swlauriersb.qc.ca\/fr\/wp-json\/wp\/v2\/pages\/206\/revisions"}],"predecessor-version":[{"id":1043,"href":"https:\/\/pinewood.swlauriersb.qc.ca\/fr\/wp-json\/wp\/v2\/pages\/206\/revisions\/1043"}],"wp:attachment":[{"href":"https:\/\/pinewood.swlauriersb.qc.ca\/fr\/wp-json\/wp\/v2\/media?parent=206"}],"curies":[{"name":"wp","href":"https:\/\/api.w.org\/{rel}","templated":true}]}}

<p class="has-text-align-center has-medium-font-size"><strong>Gouverning Board &#8211; Conseil d’établissement 2025-2026</strong></p>



<p>Justin Sanchez (2025) président<br>Steven Antonacci (2024) vice-président<br>Alexandra Grebenuk Roy (2024) délégué(e) CPC + secrétaire<br>Judith Beaupré (2025) délégué(e) CPC et alternate substitut(e)<br>Mélissa-Anne Dugas (2025)<br>Sofia Di Guglielmo (2025)<br>Marie-Josée Boutou<br>Cynthia Desmarais<br>Samantha Di Lullo<br>Nicolas Landry-Tolszczuk<br>Silvana Sivo &#8211; représentant(e) du personnel de soutien<br>Mary Karananoukian &#8211; représentant(e) du service de garde<br>Pierre Moussette &#8211; Teacher enseignant(e) ressource<br>Arrianne Pepin &#8211; enseignant(e), cycle 2<br>Cynthia Conte &#8211; enseignant(e), cycle 3<br>Angie Ladas &#8211; enseignant(e), cycle 2<br>André Gionet &#8211; directeur<br>Esther Lecuno &#8211; directeur(trice) adjoint(e)<br>Veronica Racz (ECOL) &#8211; représentant(e) communautaire</p>

<p>Gouverning Board &#8211; Conseil d’établissement 2025-2026 Justin Sanchez (2025) présidentSteven Antonacci (2024) vice-présidentAlexandra Grebenuk Roy (2024) délégué(e) CPC + secrétaireJudith Beaupré (2025) délégué(e) CPC et alternate substitut(e)Mélissa-Anne Dugas (2025)Sofia Di Guglielmo (2025)Marie-Josée BoutouCynthia DesmaraisSamantha Di LulloNicolas Landry-TolszczukSilvana Sivo &#8211; représentant(e) du personnel de soutienMary Karananoukian &#8211; représentant(e) du service de gardePierre Moussette &#8211; Teacher enseignant(e)&hellip;</p>
